626
-10349 (base 12) to base 6
-242133
Convert -d52 (base 14) to base 10.
-2620
What is 3334 (base 6) in base 9?
1054
What is 34220 (base 5) in base 11?
1914
Convert -1321440 (base 5) to base 16.
-677f
11435 (base 6) to base 10
1679
What is -344444 (base 5) in base 4?
-3003103
What is 7655 (base 9) in base 5?
140024
What is -11023 (base 11) in base 4?
-3321331
Convert 59048 (base 10) to base 2.
1110011010101000
What is -541454 (base 6) in base 3?
-2020222121
What is 41b (base 12) in base 8?
1127
What is 10168 (base 10) in base 3?
111221121
What is -3787b (base 12) in base 3?
-10211122012
Convert 100101100101010 (base 2) to base 8.
45452
-20222 (base 3) to base 6
-512
Convert 2411 (base 5) to base 8.
544
-36d7 (base 16) to base 9
-21228
1d74 (base 14) to base 4
1110102
32323 (base 7) to base 11
6061
-112111 (base 4) to base 15
-654
32311 (base 9) to base 10
21394
Convert -443 (base 7) to base 15.
-102
What is -10011000 (base 2) in base 3?
-12122
What is -19 (base 12) in base 4?
-111
-1057a (base 11) to base 3
-210000220
1d9 (base 15) to base 16
1ad
Convert -1c1 (base 15) to base 8.
-626
20023011 (base 4) to base 8
101305
Convert -211110 (base 3) to base 14.
-314
Convert -12c (base 14) to base 12.
-178
10330 (base 7) to base 2
101000001001
-10230 (base 4) to base 7
-606
What is 32230 (base 4) in base 2?
1110101100
Convert 117060 (base 8) to base 2.
1001111000110000
18a48 (base 11) to base 3
1100102101
Convert 574 (base 10) to base 2.
1000111110
Convert -232 (base 16) to base 9.
-684
-217 (base 14) to base 2
-110011101
What is 363 (base 7) in base 14?
da
1828 (base 15) to base 5
131323
-100211102 (base 3) to base 13
-3353
Convert 17147 (base 9) to base 14.
4420
Convert 5177 (base 8) to base 14.
d9d
322 (base 9) to base 6
1115
-10110 (base 3) to base 13
-72
2958 (base 14) to base 11
5564
Convert 4613 (base 7) to base 15.
76b
What is 7722 (base 11) in base 13?
4839
Convert 24310 (base 5) to base 2.
11100100110
4197 (base 10) to base 2
1000001100101
Convert -507 (base 13) to base 3.
-1011120
Convert -774 (base 8) to base 13.
-301
What is -17a3 (base 14) in base 13?
-1c28
What is 1001110010111 (base 2) in base 8?
11627
Convert 13000 (base 5) to base 2.
1111101000
d59 (base 16) to base 10
3417
Convert -6591 (base 10) to base 15.
-1e46
Convert -25421 (base 6) to base 3.
-12020211
Convert -22344 (base 5) to base 14.
-823
Convert 13464 (base 9) to base 4.
2032222
What is 4ad (base 15) in base 13?
63a
Convert -83 (base 14) to base 12.
-97
What is -101011101000101 (base 2) in base 3?
-1010122110
Convert 2333 (base 4) to base 6.
515
Convert 11242 (base 5) to base 8.
1466
What is -210222200 (base 3) in base 11?
-11052
What is 9d6a (base 14) in base 13?
c59c
3c (base 15) to base 2
111001
676 (base 14) to base 15
5a5
Convert -22414 (base 8) to base 9.
-14007
Convert -374 (base 9) to base 3.
-102111
What is 552 (base 14) in base 16?
41c
What is -1222212001 (base 3) in base 14?
-10443
-b (base 13) to base 7
-14
Convert 1932 (base 11) to base 7.
10105
Convert -1e8 (base 15) to base 5.
-3233
Convert 2b5 (base 14) to base 15.
26b
What is -1001011100001 (base 2) in base 12?
-2969
Convert -10c3 (base 13) to base 14.
-c04
What is 56556 (base 7) in base 12?
8379
What is 5450 (base 7) in base 2?
11110011010
Convert -1212210 (base 3) to base 7.
-3666
What is -78 (base 16) in base 12?
-a0
What is -1000 (base 2) in base 4?
-20
Convert 1b (base 13) to base 8.
30
Convert 555 (base 7) to base 16.
11d
What is 10132 (base 5) in base 8?
1233
Convert -240335 (base 6) to base 2.
-101000110000011
What is -55c6 (base 15) in base 9?
-26846
What is -bd7 (base 16) in base 11?
-2306
Convert 533 (base 14) to base 13.
60b
-1477 (base 9) to base 6
-5111
Convert -2814 (base 10) to base 9.
-3766
Convert 20022 (base 5) to base 2.
10011101110
Convert -335a3 (base 12) to base 8.
-205213
What is 476 (base 16) in base 13?
69b
2110 (base 6) to base 10
474
-3103 (base 16) to base 3
-122012201
What is -2222112102 (base 3) in base 8?
-162525
-332 (base 9) to base 11
-228
-566 (base 8) to base 6
-1422
What is -20064 (base 9) in base 5?
-410210
What is 11664 (base 8) in base 6?
35204
What is -3222212 (base 4) in base 8?
-35246
Convert -1342 (base 8) to base 13.
-44a
320 (base 4) to base 10
56
Convert 1294 (base 14) to base 16.
cc2
What is 4363 (base 8) in base 2?
100011110011
What is -50602 (base 7) in base 13?
-57a3
Convert -cb6 (base 14) to base 4.
-213100
What is -1110210 (base 3) in base 6?
-4550
Convert 84a (base 13) to base 9.
1841
Convert -40b5 (base 13) to base 16.
-22e8
Convert 73b1 (base 12) to base 10.
12661
1111120 (base 5) to base 15
5bc5
5355 (base 6) to base 12
85b
-220203 (base 4) to base 7
-10365
-16 (base 10) to base 13
-13
-22011 (base 6) to base 5
-44111
Convert -3726 (base 16) to base 15.
-42b3
What is 211212 (base 3) in base 5?
4432
1370 (base 10) to base 2
10101011010
What is -46a (base 11) in base 5?
-4220
Convert -a510 (base 11) to base 13.
-6453
What is -223aa (base 11) in base 12?
-16923
Convert -1320021 (base 5) to base 2.
-110011010010101
1202302 (base 4) to base 2
1100010110010
4056 (base 8) to base 7
6051
Convert -10111111111000 (base 2) to base 6.
-132504
Convert 2211112 (base 3) to base 12.
1242
2010002 (base 4) to base 11
6392
2310000 (base 4) to base 6
125200
What is -1100000 (base 2) in base 4?
-1200
Convert 410321 (base 5) to base 14.
4b59
-403 (base 9) to base 13
-1c2
What is -12151 (base 8) in base 13?
-24bc
-6210 (base 8) to base 12
-1a34
-11111101110 (base 2) to base 10
-2030
What is 3311 (base 4) in base 10?
245
-1202201 (base 3) to base 13
-781
Convert 1100010011101101 (base 2) to base 3.
2120011011
Convert 592 (base 10) to base 16.
250
What is -341 (base 5) in base 15?
-66
262 (base 10) to base 13
172
What is -4922 (base 11) in base 5?
-201222
16040 (base 10) to base 13
73bb
What is -661 (base 14) in base 13?
-760
-6336 (base 7) to base 15
-9dc
-1192 (base 10) to base 15
-547
What is -17345 (base 8) in base 6?
-100341
What is -2212 (base 5) in base 6?
-1231
-404045 (base 6) to base 3
-1121220002
What is -30 (base 10) in base 12?
-26
12280 (base 9) to base 8
20075
-416646 (base 7) to base 16
-1194f
What is 121025 (base 6) in base 3?
112112122
233320 (base 4) to base 3
11012111
Convert 10731 (base 8) to base 11.
3484
-260 (base 9) to base 4
-3120
-21311310 (base 4) to base 9
-61256
What is 222002122 (base 3) in base 7?
106316
-212c (base 16) to base 14
-3148
-2113021 (base 4) to base 9
-14237
10111001001001 (base 2) to base 14
4465
What is 22a (base 13) in base 15?
19e
Convert -101142 (base 8) to base 3.
-1200210020
Convert -2131 (base 8) to base 5.
-13423
What is 5a55 (base 12) in base 4?
2132201
518a (base 13) to base 11
8514
What is -10110 (base 4) in base 8?
-424
What is -232330 (base 4) in base 12?
-18a4
What is -10112 (base 5) in base 16?
-291
What is 20200122 (base 3) in base 7?
20135
-6151 (base 7) to base 5
-32033
Convert -11413 (base 6) to base 3.
-2021200
What is 1452 (base 11) in base 9?
2510
36170 (base 9) to base 3
1020012100
What is -2111101 (base 3) in base 6?
-12231
Convert -841 (base 9) to base 6.
-3101
What is -2005 (base 6) in base 3?
-121012
2044 (base 9) to base 13
8b3
What is 100330 (base 7) in base 12?
99a7
-195a (base 14) to base 5
-121323
-10302 (base 6) to base 9
-1832
What is -4a (base 15) in base 11?
-64
Convert 1101122 (base 3) to base 8.
1770
271 (base 14) to base 5
3431
What is -29830 (base 11) in base 10?
-42262
What is -2467 (base 11) in base 10?
-3219
100101111010 (base 2) to base 8
4572
Convert -13242 (base 5) to base 15.
-4b7
What is 31925 (base 11) in base 3?
2100121102
What is -17363 (base 8) in base 2?
-1111011110011
What is -3ea (base 16) in base 9?
-1333
Convert -11011101010 (base 2) to base 9.
-2376
Convert 701 (base 8) to base 7.
1211
What is 100010101110 (base 2) in base 6?
14142
Convert -1012 (base 3) to base 8.
-40
6554 (base 7) to base 15
a62
311044 (base 6) to base 11
17758
Convert -c4b (base 13) to base 10.
-2091
Convert -20012011 (base 3) to base 15.
-150d
What is 11be (base 15) in base 6?
25255
-3341 (base 5) to base 15
-216
Convert -279 (base 14) to base 9.
-614
What is -277 (base 8) in base 7?
-362
What is 12664 (base 9) in base 14?
3199
102b (base 13) to base 2
100010111010
-113030 (base 4) to base 8
-